{"id":12823,"date":"2026-04-21T07:32:07","date_gmt":"2026-04-21T07:32:07","guid":{"rendered":"https:\/\/www.agw-nw.de\/stellungnahmen-2026\/stellungnahmen-2021\/"},"modified":"2026-04-21T07:40:21","modified_gmt":"2026-04-21T07:40:21","slug":"stellungnahmen-2021","status":"publish","type":"page","link":"https:\/\/www.agw-nw.de\/en\/stellungnahmen-2026\/stellungnahmen-2021\/","title":{"rendered":"Statements 2021"},"content":{"rendered":"<div data-elementor-type=\"wp-page\" data-elementor-id=\"12823\" class=\"elementor elementor-12823\" data-elementor-post-type=\"page\">\n\t\t\t\t<div class=\"elementor-element elementor-element-52cc936 e-flex e-con-boxed e-con e-parent\" data-id=\"52cc936\" data-element_type=\"container\" data-e-type=\"container\" data-settings=\"{&quot;background_background&quot;:&quot;classic&quot;}\">\n\t\t\t\t\t<div class=\"e-con-inner\">\n\t\t<div class=\"elementor-element elementor-element-0774a3f e-con-full e-flex e-con e-child\" data-id=\"0774a3f\" data-element_type=\"container\" data-e-type=\"container\" data-settings=\"{&quot;background_background&quot;:&quot;classic&quot;}\">\n\t\t\t\t<div class=\"elementor-element elementor-element-b312434 elementor-widget elementor-widget-heading\" data-id=\"b312434\" data-element_type=\"widget\" data-e-type=\"widget\" data-widget_type=\"heading.default\">\n\t\t\t\t\t<h2 class=\"elementor-heading-title elementor-size-default\">Stellungnahmen der agw im Jahre 2021<\/h2>\t\t\t\t<\/div>\n\t\t\t\t<\/div>\n\t\t\t\t\t<\/div>\n\t\t\t\t<\/div>\n\t\t<div class=\"elementor-element elementor-element-dbd2760 fur-den-section e-flex e-con-boxed e-con e-parent\" data-id=\"dbd2760\" data-element_type=\"container\" data-e-type=\"container\">\n\t\t\t\t\t<div class=\"e-con-inner\">\n\t\t\t\t<div class=\"elementor-element elementor-element-07f59f1 elementor-hidden-mobile elementor-widget elementor-widget-spacer\" data-id=\"07f59f1\" data-element_type=\"widget\" data-e-type=\"widget\" data-widget_type=\"spacer.default\">\n\t\t\t\t\t\t\t<div class=\"elementor-spacer\">\n\t\t\t<div class=\"elementor-spacer-inner\"><\/div>\n\t\t<\/div>\n\t\t\t\t\t\t<\/div>\n\t\t\t\t<div class=\"elementor-element elementor-element-28d0434 fur-den-description elementor-widget elementor-widget-text-editor\" data-id=\"28d0434\" data-element_type=\"widget\" data-e-type=\"widget\" data-widget_type=\"text-editor.default\">\n\t\t\t\t\t\t\t\t\t<p><strong>26.11.2021:<\/strong> <a href=\"t3:\/\/file?uid=2972\" target=\"_blank\">Schreiben der agw an die Fraktionen des Landtags von Nordrhein-Westfalen<\/a> bez\u00fcglich der Ber\u00fccksichtigung des Einsatzes eigenen Personals nach der F\u00f6rderrichtlinie Wiederaufbau Nordrhein-Westfalen<\/p><p><strong>28.10.2021:<\/strong> <a href=\"t3:\/\/file?uid=2961\" target=\"_blank\">Participation of the agw in the European Commission's Public Consultation<\/a> zur Folgenabsch\u00e4tzung einer m\u00f6glichen \u00dcberarbeitung der Listen der Schadstoffe, die Oberfl\u00e4chengew\u00e4sser und das Grundwasser belasten, und der entsprechenden Regulierungsstandards in den Umweltqualit\u00e4tsnormen, der Grundwasserrichtlinie und Wasserrahmenrichtlinie\u00a0\u00a0<\/p><p><strong>24.09.2021:<\/strong> Teilnahme an der Konsultation der Platform on Sustainable Finance zum Entwurf des Berichts zu vorl\u00e4ufigen Empfehlungen f\u00fcr Bewertungskriterien f\u00fcr die EU Taxonomie\u00a0erfolgt.<\/p><p><strong>01.09.2021:<\/strong> <a href=\"t3:\/\/file?uid=2943\" target=\"_blank\">agw-Position<\/a> zur Bundestagswahl 2021: Politische Wertsch\u00e4tzung f\u00fcr Wasserthemen konsequent fortsetzen und weiterentwickeln<\/p><p><strong>23.07.2021:<\/strong> <a href=\"t3:\/\/file?uid=2941\" target=\"_blank\">Gemeinsame Stellungnahme der agw und der Landesgruppen von BDEW, VKU und DVGW<\/a> zum Entwurf einer Rechtsverordnung f\u00fcr Schutzbestimmungen im Bereich Bodenschatzgewinnung f\u00fcr die Wasserschutzgebiete im Land Nordrhein-Westfalen<\/p><p><strong>20.07.2021:<\/strong> <a href=\"t3:\/\/file?uid=2942\" target=\"_blank\">Participation of the agw in the European Commission's Public Consultation<\/a> zur \u00dcberarbeitung der Richtlinie \u00fcber die Behandlung von kommunalem Abwasser<\/p><p><strong>22.06.2021:<\/strong> <a href=\"t3:\/\/file?uid=2937\" target=\"_blank\">agw statement<\/a>\u00a0zum Entwurf des \u201eBewirtschaftungsplans 2022-2027 f\u00fcr die nordrhein-westf\u00e4lischen Anteile von Rhein, Weser, Ems und Maas\u201c vom 22.12.2020<\/p><p><strong>22.06.2021:<\/strong> <a href=\"t3:\/\/file?uid=2936\" target=\"_blank\">agw statement<\/a> zur Strategischen Umweltpr\u00fcfung\u00a0f\u00fcr das im Zuge des Bewirtschaftungsplans aufgestellte Ma\u00dfnahmenprogramm 2022-2027<\/p><p><strong>17.05.2021:<\/strong> <a href=\"t3:\/\/file?uid=2927\" target=\"_blank\">agw statement<\/a> zum\u00a0Entwurf einer zweiten Verordnung zur \u00c4nderung der BSI-Kritisverordnung<\/p><p><strong>06.05.2021:<\/strong> <a href=\"t3:\/\/file?uid=2925\" target=\"_blank\">Offener Brief<\/a> an Herrn Ministerpr\u00e4sident Laschet zur Impfpriorisierung in NRW<\/p><p><strong>23.02.2021:<\/strong> <a href=\"t3:\/\/file?uid=2880\" target=\"_blank\">agw-Position<\/a> zum Insektenschutzgesetz des Bundes und zu den laufenden Beratungen zum Landeswassergesetz in NRW: Gew\u00e4sserschutz nicht allein dem Fachrecht \u00fcberlassen &#8211; Randstreifen nicht abschaffen<\/p><p><strong>23.02.2021:<\/strong> <a href=\"t3:\/\/file?uid=2879\" target=\"_blank\">agw statement<\/a> zum Entwurf des DWA-M 102-4\/BWK-M 3-4: Grunds\u00e4tze zur Bewirtschaftung und Behandlung von Regenwetterabfl\u00fcssen zur\u00a0Einleitung in Oberfl\u00e4chengew\u00e4sser &#8211; Teil 4: Wasserhaushaltsbilanz f\u00fcr die\u00a0Bewirtschaftung des Niederschlagswassers (Dezember 2020)<\/p><p><strong>09.02.2021:<\/strong> <a href=\"t3:\/\/file?uid=2869\" target=\"_blank\">Participation of the agw in the European Commission's Public Consultation<\/a> zum EU-Aktionsplan \u201eNull-Schadstoff-Ziel f\u00fcr Luft, Wasser und Boden\u201c<\/p><p><strong>05.02.2021:<\/strong> <a href=\"t3:\/\/file?uid=2867\" target=\"_blank\">Gemeinsame\u00a0Stellungnahme der\u00a0agw und der Landesgruppen von\u00a0BDEW, VKU und DVGW<\/a> zum \u00c4nderungsantrag der Fraktion der CDU und der Fraktion der FDP zu dem \u201eGesetz zur \u00c4nderung des Landeswasserrechts\u201c, Landtagsdrucksache 17\/12060<\/p><p><strong>29.01.2021:<\/strong> <a href=\"t3:\/\/file?uid=2862\" target=\"_blank\">agw statement<\/a> zum Gesetzentwurf der Landesregierung &#8222;Klimaanpassungsgesetz Nordrhein\u2013Westfalen&#8220; vom 21.12.2021<\/p>\t\t\t\t\t\t\t\t<\/div>\n\t\t\t\t<div class=\"elementor-element elementor-element-618969c elementor-widget elementor-widget-spacer\" data-id=\"618969c\" data-element_type=\"widget\" data-e-type=\"widget\" data-widget_type=\"spacer.default\">\n\t\t\t\t\t\t\t<div class=\"elementor-spacer\">\n\t\t\t<div class=\"elementor-spacer-inner\"><\/div>\n\t\t<\/div>\n\t\t\t\t\t\t<\/div>\n\t\t\t\t\t<\/div>\n\t\t\t\t<\/div>\n\t\t\t\t<\/div>","protected":false},"excerpt":{"rendered":"","protected":false},"author":3,"featured_media":0,"parent":11444,"menu_order":0,"comment_status":"closed","ping_status":"closed","template":"","meta":{"_acf_changed":false,"footnotes":""},"class_list":["post-12823","page","type-page","status-publish","hentry"],"acf":[],"yoast_head":"<!-- This site is optimized with the Yoast SEO plugin v27.4 - https:\/\/yoast.com\/product\/yoast-seo-wordpress\/ -->\n<title>Stellungnahmen 2021 - AGW-NRW<\/title>\n<meta name=\"robots\" content=\"index, follow, max-snippet:-1, max-image-preview:large, max-video-preview:-1\" \/>\n<link rel=\"canonical\" href=\"https:\/\/www.agw-nw.de\/en\/statements-2026\/stellungnahmen-2021\/\" \/>\n<meta property=\"og:locale\" content=\"en_GB\" \/>\n<meta property=\"og:type\" content=\"article\" \/>\n<meta property=\"og:title\" content=\"Stellungnahmen 2021 - AGW-NRW\" \/>\n<meta property=\"og:url\" content=\"https:\/\/www.agw-nw.de\/en\/statements-2026\/stellungnahmen-2021\/\" \/>\n<meta property=\"og:site_name\" content=\"AGW-NRW\" \/>\n<meta property=\"article:modified_time\" content=\"2026-04-21T07:40:21+00:00\" \/>\n<meta name=\"twitter:card\" content=\"summary_large_image\" \/>\n<script type=\"application\/ld+json\" class=\"yoast-schema-graph\">{\"@context\":\"https:\\\/\\\/schema.org\",\"@graph\":[{\"@type\":\"WebPage\",\"@id\":\"https:\\\/\\\/www.agw-nw.de\\\/stellungnahmen-2026\\\/stellungnahmen-2021\\\/\",\"url\":\"https:\\\/\\\/www.agw-nw.de\\\/stellungnahmen-2026\\\/stellungnahmen-2021\\\/\",\"name\":\"Stellungnahmen 2021 - AGW-NRW\",\"isPartOf\":{\"@id\":\"https:\\\/\\\/www.agw-nw.de\\\/#website\"},\"datePublished\":\"2026-04-21T07:32:07+00:00\",\"dateModified\":\"2026-04-21T07:40:21+00:00\",\"breadcrumb\":{\"@id\":\"https:\\\/\\\/www.agw-nw.de\\\/stellungnahmen-2026\\\/stellungnahmen-2021\\\/#breadcrumb\"},\"inLanguage\":\"en-GB\",\"potentialAction\":[{\"@type\":\"ReadAction\",\"target\":[\"https:\\\/\\\/www.agw-nw.de\\\/stellungnahmen-2026\\\/stellungnahmen-2021\\\/\"]}]},{\"@type\":\"BreadcrumbList\",\"@id\":\"https:\\\/\\\/www.agw-nw.de\\\/stellungnahmen-2026\\\/stellungnahmen-2021\\\/#breadcrumb\",\"itemListElement\":[{\"@type\":\"ListItem\",\"position\":1,\"name\":\"Home\",\"item\":\"https:\\\/\\\/www.agw-nw.de\\\/\"},{\"@type\":\"ListItem\",\"position\":2,\"name\":\"Stellungnahmen 2026\",\"item\":\"https:\\\/\\\/www.agw-nw.de\\\/stellungnahmen-2026\\\/\"},{\"@type\":\"ListItem\",\"position\":3,\"name\":\"Stellungnahmen 2021\"}]},{\"@type\":\"WebSite\",\"@id\":\"https:\\\/\\\/www.agw-nw.de\\\/#website\",\"url\":\"https:\\\/\\\/www.agw-nw.de\\\/\",\"name\":\"AGW-NRW\",\"description\":\"\",\"potentialAction\":[{\"@type\":\"SearchAction\",\"target\":{\"@type\":\"EntryPoint\",\"urlTemplate\":\"https:\\\/\\\/www.agw-nw.de\\\/?s={search_term_string}\"},\"query-input\":{\"@type\":\"PropertyValueSpecification\",\"valueRequired\":true,\"valueName\":\"search_term_string\"}}],\"inLanguage\":\"en-GB\"}]}<\/script>\n<!-- \/ Yoast SEO plugin. -->","yoast_head_json":{"title":"Stellungnahmen 2021 - AGW-NRW","robots":{"index":"index","follow":"follow","max-snippet":"max-snippet:-1","max-image-preview":"max-image-preview:large","max-video-preview":"max-video-preview:-1"},"canonical":"https:\/\/www.agw-nw.de\/en\/statements-2026\/stellungnahmen-2021\/","og_locale":"en_GB","og_type":"article","og_title":"Stellungnahmen 2021 - AGW-NRW","og_url":"https:\/\/www.agw-nw.de\/en\/statements-2026\/stellungnahmen-2021\/","og_site_name":"AGW-NRW","article_modified_time":"2026-04-21T07:40:21+00:00","twitter_card":"summary_large_image","schema":{"@context":"https:\/\/schema.org","@graph":[{"@type":"WebPage","@id":"https:\/\/www.agw-nw.de\/stellungnahmen-2026\/stellungnahmen-2021\/","url":"https:\/\/www.agw-nw.de\/stellungnahmen-2026\/stellungnahmen-2021\/","name":"Stellungnahmen 2021 - AGW-NRW","isPartOf":{"@id":"https:\/\/www.agw-nw.de\/#website"},"datePublished":"2026-04-21T07:32:07+00:00","dateModified":"2026-04-21T07:40:21+00:00","breadcrumb":{"@id":"https:\/\/www.agw-nw.de\/stellungnahmen-2026\/stellungnahmen-2021\/#breadcrumb"},"inLanguage":"en-GB","potentialAction":[{"@type":"ReadAction","target":["https:\/\/www.agw-nw.de\/stellungnahmen-2026\/stellungnahmen-2021\/"]}]},{"@type":"BreadcrumbList","@id":"https:\/\/www.agw-nw.de\/stellungnahmen-2026\/stellungnahmen-2021\/#breadcrumb","itemListElement":[{"@type":"ListItem","position":1,"name":"Home","item":"https:\/\/www.agw-nw.de\/"},{"@type":"ListItem","position":2,"name":"Stellungnahmen 2026","item":"https:\/\/www.agw-nw.de\/stellungnahmen-2026\/"},{"@type":"ListItem","position":3,"name":"Stellungnahmen 2021"}]},{"@type":"WebSite","@id":"https:\/\/www.agw-nw.de\/#website","url":"https:\/\/www.agw-nw.de\/","name":"AGW-NRW","description":"","potentialAction":[{"@type":"SearchAction","target":{"@type":"EntryPoint","urlTemplate":"https:\/\/www.agw-nw.de\/?s={search_term_string}"},"query-input":{"@type":"PropertyValueSpecification","valueRequired":true,"valueName":"search_term_string"}}],"inLanguage":"en-GB"}]}},"_links":{"self":[{"href":"https:\/\/www.agw-nw.de\/en\/wp-json\/wp\/v2\/pages\/12823","targetHints":{"allow":["GET"]}}],"collection":[{"href":"https:\/\/www.agw-nw.de\/en\/wp-json\/wp\/v2\/pages"}],"about":[{"href":"https:\/\/www.agw-nw.de\/en\/wp-json\/wp\/v2\/types\/page"}],"author":[{"embeddable":true,"href":"https:\/\/www.agw-nw.de\/en\/wp-json\/wp\/v2\/users\/3"}],"replies":[{"embeddable":true,"href":"https:\/\/www.agw-nw.de\/en\/wp-json\/wp\/v2\/comments?post=12823"}],"version-history":[{"count":1,"href":"https:\/\/www.agw-nw.de\/en\/wp-json\/wp\/v2\/pages\/12823\/revisions"}],"predecessor-version":[{"id":12824,"href":"https:\/\/www.agw-nw.de\/en\/wp-json\/wp\/v2\/pages\/12823\/revisions\/12824"}],"up":[{"embeddable":true,"href":"https:\/\/www.agw-nw.de\/en\/wp-json\/wp\/v2\/pages\/11444"}],"wp:attachment":[{"href":"https:\/\/www.agw-nw.de\/en\/wp-json\/wp\/v2\/media?parent=12823"}],"curies":[{"name":"wp","href":"https:\/\/api.w.org\/{rel}","templated":true}]}}

<div data-elementor-type="wp-page" data-elementor-id="12823" class="elementor elementor-12823" data-elementor-post-type="page">
				<div class="elementor-element elementor-element-52cc936 e-flex e-con-boxed e-con e-parent" data-id="52cc936" data-element_type="container" data-e-type="container" data-settings="{&quot;background_background&quot;:&quot;classic&quot;}">
					<div class="e-con-inner">
		<div class="elementor-element elementor-element-0774a3f e-con-full e-flex e-con e-child" data-id="0774a3f" data-element_type="container" data-e-type="container" data-settings="{&quot;background_background&quot;:&quot;classic&quot;}">
				<div class="elementor-element elementor-element-b312434 elementor-widget elementor-widget-heading" data-id="b312434" data-element_type="widget" data-e-type="widget" data-widget_type="heading.default">
					<h2 class="elementor-heading-title elementor-size-default">Stellungnahmen der agw im Jahre 2021</h2>				</div>
				</div>
					</div>
				</div>
		<div class="elementor-element elementor-element-dbd2760 fur-den-section e-flex e-con-boxed e-con e-parent" data-id="dbd2760" data-element_type="container" data-e-type="container">
					<div class="e-con-inner">
				<div class="elementor-element elementor-element-07f59f1 elementor-hidden-mobile elementor-widget elementor-widget-spacer" data-id="07f59f1" data-element_type="widget" data-e-type="widget" data-widget_type="spacer.default">
							<div class="elementor-spacer">
			<div class="elementor-spacer-inner"></div>
		</div>
						</div>
				<div class="elementor-element elementor-element-28d0434 fur-den-description elementor-widget elementor-widget-text-editor" data-id="28d0434" data-element_type="widget" data-e-type="widget" data-widget_type="text-editor.default">
									<p><strong>26.11.2021:</strong> <a href="t3://file?uid=2972" target="_blank">Schreiben der agw an die Fraktionen des Landtags von Nordrhein-Westfalen</a> bezüglich der Berücksichtigung des Einsatzes eigenen Personals nach der Förderrichtlinie Wiederaufbau Nordrhein-Westfalen</p><p><strong>28.10.2021:</strong> <a href="t3://file?uid=2961" target="_blank">Participation of the agw in the European Commission's Public Consultation</a> zur Folgenabschätzung einer möglichen Überarbeitung der Listen der Schadstoffe, die Oberflächengewässer und das Grundwasser belasten, und der entsprechenden Regulierungsstandards in den Umweltqualitätsnormen, der Grundwasserrichtlinie und Wasserrahmenrichtlinie  </p><p><strong>24.09.2021:</strong> Teilnahme an der Konsultation der Platform on Sustainable Finance zum Entwurf des Berichts zu vorläufigen Empfehlungen für Bewertungskriterien für die EU Taxonomie erfolgt.</p><p><strong>01.09.2021:</strong> <a href="t3://file?uid=2943" target="_blank">agw-Position</a> zur Bundestagswahl 2021: Politische Wertschätzung für Wasserthemen konsequent fortsetzen und weiterentwickeln</p><p><strong>23.07.2021:</strong> <a href="t3://file?uid=2941" target="_blank">Gemeinsame Stellungnahme der agw und der Landesgruppen von BDEW, VKU und DVGW</a> zum Entwurf einer Rechtsverordnung für Schutzbestimmungen im Bereich Bodenschatzgewinnung für die Wasserschutzgebiete im Land Nordrhein-Westfalen</p><p><strong>20.07.2021:</strong> <a href="t3://file?uid=2942" target="_blank">Participation of the agw in the European Commission's Public Consultation</a> zur Überarbeitung der Richtlinie über die Behandlung von kommunalem Abwasser</p><p><strong>22.06.2021:</strong> <a href="t3://file?uid=2937" target="_blank">agw statement</a> zum Entwurf des „Bewirtschaftungsplans 2022-2027 für die nordrhein-westfälischen Anteile von Rhein, Weser, Ems und Maas“ vom 22.12.2020</p><p><strong>22.06.2021:</strong> <a href="t3://file?uid=2936" target="_blank">agw statement</a> zur Strategischen Umweltprüfung für das im Zuge des Bewirtschaftungsplans aufgestellte Maßnahmenprogramm 2022-2027</p><p><strong>17.05.2021:</strong> <a href="t3://file?uid=2927" target="_blank">agw statement</a> zum Entwurf einer zweiten Verordnung zur Änderung der BSI-Kritisverordnung</p><p><strong>06.05.2021:</strong> <a href="t3://file?uid=2925" target="_blank">Offener Brief</a> an Herrn Ministerpräsident Laschet zur Impfpriorisierung in NRW</p><p><strong>23.02.2021:</strong> <a href="t3://file?uid=2880" target="_blank">agw-Position</a> zum Insektenschutzgesetz des Bundes und zu den laufenden Beratungen zum Landeswassergesetz in NRW: Gewässerschutz nicht allein dem Fachrecht überlassen &#8211; Randstreifen nicht abschaffen</p><p><strong>23.02.2021:</strong> <a href="t3://file?uid=2879" target="_blank">agw statement</a> zum Entwurf des DWA-M 102-4/BWK-M 3-4: Grundsätze zur Bewirtschaftung und Behandlung von Regenwetterabflüssen zur Einleitung in Oberflächengewässer &#8211; Teil 4: Wasserhaushaltsbilanz für die Bewirtschaftung des Niederschlagswassers (Dezember 2020)</p><p><strong>09.02.2021:</strong> <a href="t3://file?uid=2869" target="_blank">Participation of the agw in the European Commission's Public Consultation</a> zum EU-Aktionsplan „Null-Schadstoff-Ziel für Luft, Wasser und Boden“</p><p><strong>05.02.2021:</strong> <a href="t3://file?uid=2867" target="_blank">Gemeinsame Stellungnahme der agw und der Landesgruppen von BDEW, VKU und DVGW</a> zum Änderungsantrag der Fraktion der CDU und der Fraktion der FDP zu dem „Gesetz zur Änderung des Landeswasserrechts“, Landtagsdrucksache 17/12060</p><p><strong>29.01.2021:</strong> <a href="t3://file?uid=2862" target="_blank">agw statement</a> zum Gesetzentwurf der Landesregierung &#8222;Klimaanpassungsgesetz Nordrhein–Westfalen&#8220; vom 21.12.2021</p>								</div>
				<div class="elementor-element elementor-element-618969c elementor-widget elementor-widget-spacer" data-id="618969c" data-element_type="widget" data-e-type="widget" data-widget_type="spacer.default">
							<div class="elementor-spacer">
			<div class="elementor-spacer-inner"></div>
		</div>
						</div>
					</div>
				</div>
				</div>
